{"id":136,"date":"2016-03-13T15:40:25","date_gmt":"2016-03-13T14:40:25","guid":{"rendered":"http:\/\/ecoles.rixensart.be\/maubroux\/?page_id=136"},"modified":"2022-06-05T17:21:57","modified_gmt":"2022-06-05T16:21:57","slug":"fetes-et-spectacles","status":"publish","type":"page","link":"http:\/\/ecoles.rixensart.be\/maubroux\/fetes-et-spectacles\/","title":{"rendered":"F\u00eates et spectacles"},"content":{"rendered":"<p>Chaque ann\u00e9e plusieurs spectacles sont propos\u00e9s \u00e0 toutes les classes en collaboration avec \u00ab\u00a0Plan\u00e8te m\u00f4mes\u00a0\u00bb,\u00a0\u00bbLes 3 chardons\u00a0\u00bb ou le centre culturel de Rixensart.<\/p>\n<p><img loading=\"lazy\" decoding=\"async\" class=\"alignnone  wp-image-696\" src=\"http:\/\/ecoles.rixensart.be\/maubroux\/wp-content\/uploads\/2016\/03\/IMG_20191022_101748.jpg\" alt=\"IMG_20191022_101748\" width=\"317\" height=\"238\" srcset=\"http:\/\/ecoles.rixensart.be\/maubroux\/wp-content\/uploads\/2016\/03\/IMG_20191022_101748.jpg 4608w, http:\/\/ecoles.rixensart.be\/maubroux\/wp-content\/uploads\/2016\/03\/IMG_20191022_101748-300x225.jpg 300w, http:\/\/ecoles.rixensart.be\/maubroux\/wp-content\/uploads\/2016\/03\/IMG_20191022_101748-768x576.jpg 768w, http:\/\/ecoles.rixensart.be\/maubroux\/wp-content\/uploads\/2016\/03\/IMG_20191022_101748-1024x768.jpg 1024w\" sizes=\"(max-width: 317px) 100vw, 317px\" \/> <img loading=\"lazy\" decoding=\"async\" class=\"alignnone  wp-image-697\" src=\"http:\/\/ecoles.rixensart.be\/maubroux\/wp-content\/uploads\/2016\/03\/IMG_20181119_100643.jpg\" alt=\"IMG_20181119_100643\" width=\"316\" height=\"237\" srcset=\"http:\/\/ecoles.rixensart.be\/maubroux\/wp-content\/uploads\/2016\/03\/IMG_20181119_100643.jpg 4608w, http:\/\/ecoles.rixensart.be\/maubroux\/wp-content\/uploads\/2016\/03\/IMG_20181119_100643-300x225.jpg 300w, http:\/\/ecoles.rixensart.be\/maubroux\/wp-content\/uploads\/2016\/03\/IMG_20181119_100643-768x576.jpg 768w, http:\/\/ecoles.rixensart.be\/maubroux\/wp-content\/uploads\/2016\/03\/IMG_20181119_100643-1024x768.jpg 1024w\" sizes=\"(max-width: 316px) 100vw, 316px\" \/><\/p>\n<p>Tous les ans, la petite \u00e9cole organise une belle Fancy Fair cr\u00e9\u00e9e autour de la th\u00e9matique annuelle.<\/p>\n<p><img loading=\"lazy\" decoding=\"async\" class=\"alignnone size-medium wp-image-137\" src=\"http:\/\/ecoles.rixensart.be\/maubroux\/wp-content\/uploads\/2016\/03\/IMG_9314-300x200.jpg\" alt=\"IMG_9314\" width=\"300\" height=\"200\" srcset=\"http:\/\/ecoles.rixensart.be\/maubroux\/wp-content\/uploads\/2016\/03\/IMG_9314-300x200.jpg 300w, http:\/\/ecoles.rixensart.be\/maubroux\/wp-content\/uploads\/2016\/03\/IMG_9314-768x512.jpg 768w, http:\/\/ecoles.rixensart.be\/maubroux\/wp-content\/uploads\/2016\/03\/IMG_9314-1024x682.jpg 1024w, http:\/\/ecoles.rixensart.be\/maubroux\/wp-content\/uploads\/2016\/03\/IMG_9314.jpg 2000w\" sizes=\"(max-width: 300px) 100vw, 300px\" \/><\/p>\n<p>Chaque fin d&rsquo;ann\u00e9e scolaire, une soir\u00e9e est organis\u00e9e pour la classe de 3\u00e8me maternelle apr\u00e8s la traditionnelle remise du dipl\u00f4me. Ce moment est d&rsquo;autant plus \u00e9mouvant que l&rsquo;\u00e9quipe a vu grandir ses petites \u00e9l\u00e8ves pendant trois ann\u00e9es au cours desquelles ils se sont \u00e9panouis.<\/p>\n<p><img loading=\"lazy\" decoding=\"async\" class=\"alignnone size-medium wp-image-142\" src=\"http:\/\/ecoles.rixensart.be\/maubroux\/wp-content\/uploads\/2016\/03\/DSC_1766-300x200.jpg\" alt=\"DSC_1766\" width=\"300\" height=\"200\" srcset=\"http:\/\/ecoles.rixensart.be\/maubroux\/wp-content\/uploads\/2016\/03\/DSC_1766-300x200.jpg 300w, http:\/\/ecoles.rixensart.be\/maubroux\/wp-content\/uploads\/2016\/03\/DSC_1766-768x512.jpg 768w, http:\/\/ecoles.rixensart.be\/maubroux\/wp-content\/uploads\/2016\/03\/DSC_1766-1024x682.jpg 1024w, http:\/\/ecoles.rixensart.be\/maubroux\/wp-content\/uploads\/2016\/03\/DSC_1766.jpg 2000w\" sizes=\"(max-width: 300px) 100vw, 300px\" \/> <img loading=\"lazy\" decoding=\"async\" class=\"alignnone size-medium wp-image-143\" src=\"http:\/\/ecoles.rixensart.be\/maubroux\/wp-content\/uploads\/2016\/03\/DSC_1776-300x200.jpg\" alt=\"DSC_1776\" width=\"300\" height=\"200\" srcset=\"http:\/\/ecoles.rixensart.be\/maubroux\/wp-content\/uploads\/2016\/03\/DSC_1776-300x200.jpg 300w, http:\/\/ecoles.rixensart.be\/maubroux\/wp-content\/uploads\/2016\/03\/DSC_1776-768x512.jpg 768w, http:\/\/ecoles.rixensart.be\/maubroux\/wp-content\/uploads\/2016\/03\/DSC_1776-1024x682.jpg 1024w, http:\/\/ecoles.rixensart.be\/maubroux\/wp-content\/uploads\/2016\/03\/DSC_1776.jpg 2000w\" sizes=\"(max-width: 300px) 100vw, 300px\" \/> <img loading=\"lazy\" decoding=\"async\" class=\"alignnone size-medium wp-image-144\" src=\"http:\/\/ecoles.rixensart.be\/maubroux\/wp-content\/uploads\/2016\/03\/IMG_20150626_195117-300x225.jpg\" alt=\"IMG_20150626_195117\" width=\"300\" height=\"225\" srcset=\"http:\/\/ecoles.rixensart.be\/maubroux\/wp-content\/uploads\/2016\/03\/IMG_20150626_195117-300x225.jpg 300w, http:\/\/ecoles.rixensart.be\/maubroux\/wp-content\/uploads\/2016\/03\/IMG_20150626_195117-768x576.jpg 768w, http:\/\/ecoles.rixensart.be\/maubroux\/wp-content\/uploads\/2016\/03\/IMG_20150626_195117-1024x768.jpg 1024w, http:\/\/ecoles.rixensart.be\/maubroux\/wp-content\/uploads\/2016\/03\/IMG_20150626_195117.jpg 2000w\" sizes=\"(max-width: 300px) 100vw, 300px\" \/>\u00a0<\/p>\n<p>\u00a0<\/p>\n\n\n<p><strong>March\u00e9s de printemps et de No\u00ebl<\/strong><br><br>A la petite \u00e9cole, nous organisons en alternance un march\u00e9 gourmand de printemps et de No\u00ebl r\u00e9alis\u00e9s&nbsp;avec les enfants.<br><\/p>\n\n\n\n<figure class=\"wp-block-image\"><img decoding=\"async\" src=\"http:\/\/ecoles.rixensart.be\/maubroux\/wp-content\/uploads\/2016\/03\/P1000165pt-300x225.jpg\" alt=\"P1000165pt\"\/><figcaption><img loading=\"lazy\" decoding=\"async\" width=\"300\" height=\"225\" src=\"http:\/\/ecoles.rixensart.be\/maubroux\/wp-content\/uploads\/2016\/03\/P1000166pt-300x225.jpg\" alt=\"P1000166pt\"><\/figcaption><\/figure>\n\n\n\n<p><\/p>\n","protected":false},"excerpt":{"rendered":"<p>Chaque ann\u00e9e plusieurs spectacles sont propos\u00e9s \u00e0 toutes les classes en collaboration avec \u00ab\u00a0Plan\u00e8te m\u00f4mes\u00a0\u00bb,\u00a0\u00bbLes 3 chardons\u00a0\u00bb ou le centre culturel de Rixensart. Tous les ans, la petite \u00e9cole organise une belle Fancy Fair cr\u00e9\u00e9e autour de la th\u00e9matique annuelle. Chaque fin d&rsquo;ann\u00e9e scolaire, une soir\u00e9e est organis\u00e9e pour la classe de 3\u00e8me maternelle apr\u00e8s &hellip; <a href=\"http:\/\/ecoles.rixensart.be\/maubroux\/fetes-et-spectacles\/\" class=\"more-link\">Continuer la lecture<span class=\"screen-reader-text\"> de <span class=\"screen-reader-text\">F\u00eates et spectacles<\/span><\/span>&nbsp;<span class=\"meta-nav\">&rarr;<\/span><\/a><\/p>\n","protected":false},"author":1,"featured_media":0,"parent":0,"menu_order":0,"comment_status":"closed","ping_status":"closed","template":"","meta":{"footnotes":""},"_links":{"self":[{"href":"http:\/\/ecoles.rixensart.be\/maubroux\/wp-json\/wp\/v2\/pages\/136"}],"collection":[{"href":"http:\/\/ecoles.rixensart.be\/maubroux\/wp-json\/wp\/v2\/pages"}],"about":[{"href":"http:\/\/ecoles.rixensart.be\/maubroux\/wp-json\/wp\/v2\/types\/page"}],"author":[{"embeddable":true,"href":"http:\/\/ecoles.rixensart.be\/maubroux\/wp-json\/wp\/v2\/users\/1"}],"replies":[{"embeddable":true,"href":"http:\/\/ecoles.rixensart.be\/maubroux\/wp-json\/wp\/v2\/comments?post=136"}],"version-history":[{"count":7,"href":"http:\/\/ecoles.rixensart.be\/maubroux\/wp-json\/wp\/v2\/pages\/136\/revisions"}],"predecessor-version":[{"id":964,"href":"http:\/\/ecoles.rixensart.be\/maubroux\/wp-json\/wp\/v2\/pages\/136\/revisions\/964"}],"wp:attachment":[{"href":"http:\/\/ecoles.rixensart.be\/maubroux\/wp-json\/wp\/v2\/media?parent=136"}],"curies":[{"name":"wp","href":"https:\/\/api.w.org\/{rel}","templated":true}]}}