{"id":332,"date":"2016-03-13T16:10:45","date_gmt":"2016-03-13T15:10:45","guid":{"rendered":"http:\/\/ecoles.rixensart.be\/maubroux\/?page_id=332"},"modified":"2020-11-27T21:53:37","modified_gmt":"2020-11-27T20:53:37","slug":"les-parents","status":"publish","type":"page","link":"http:\/\/ecoles.rixensart.be\/maubroux\/les-parents\/","title":{"rendered":"Les parents"},"content":{"rendered":"\n<p>Parcourez les diff\u00e9rentes rubriques pour en savoir plus :<\/p>\n\n\n\n<ul><li>Le comit\u00e9 de parents<\/li><li>Les t\u00e9moignages<\/li><\/ul>\n","protected":false},"excerpt":{"rendered":"<p>Parcourez les diff\u00e9rentes rubriques pour en savoir plus : Le comit\u00e9 de parents Les t\u00e9moignages<\/p>\n","protected":false},"author":1,"featured_media":0,"parent":0,"menu_order":0,"comment_status":"closed","ping_status":"closed","template":"","meta":{"footnotes":""},"_links":{"self":[{"href":"http:\/\/ecoles.rixensart.be\/maubroux\/wp-json\/wp\/v2\/pages\/332"}],"collection":[{"href":"http:\/\/ecoles.rixensart.be\/maubroux\/wp-json\/wp\/v2\/pages"}],"about":[{"href":"http:\/\/ecoles.rixensart.be\/maubroux\/wp-json\/wp\/v2\/types\/page"}],"author":[{"embeddable":true,"href":"http:\/\/ecoles.rixensart.be\/maubroux\/wp-json\/wp\/v2\/users\/1"}],"replies":[{"embeddable":true,"href":"http:\/\/ecoles.rixensart.be\/maubroux\/wp-json\/wp\/v2\/comments?post=332"}],"version-history":[{"count":10,"href":"http:\/\/ecoles.rixensart.be\/maubroux\/wp-json\/wp\/v2\/pages\/332\/revisions"}],"predecessor-version":[{"id":826,"href":"http:\/\/ecoles.rixensart.be\/maubroux\/wp-json\/wp\/v2\/pages\/332\/revisions\/826"}],"wp:attachment":[{"href":"http:\/\/ecoles.rixensart.be\/maubroux\/wp-json\/wp\/v2\/media?parent=332"}],"curies":[{"name":"wp","href":"https:\/\/api.w.org\/{rel}","templated":true}]}}