{"id":334,"date":"2016-03-13T16:10:56","date_gmt":"2016-03-13T15:10:56","guid":{"rendered":"http:\/\/ecoles.rixensart.be\/maubroux\/?page_id=334"},"modified":"2024-07-15T10:11:16","modified_gmt":"2024-07-15T09:11:16","slug":"modalites-pratiques","status":"publish","type":"page","link":"http:\/\/ecoles.rixensart.be\/maubroux\/modalites-pratiques\/","title":{"rendered":"Activit\u00e9 extra-scolaire"},"content":{"rendered":"<p>Nous sommes associ\u00e9 \u00e0 des ASBLs pour proposer des ateliers extra-scolaires aux enfants autour de deux th\u00e9matiques :<br \/>&#8211; L&rsquo;anglais au travers de la musique avec Les Jeunesses Musicales du Brabant Wallon.<br \/>&#8211; Le sport avec ML Sport &amp; Loisir<\/p>\n<p>Documents informatifs :<br \/><a href=\"http:\/\/ecoles.rixensart.be\/maubroux\/wp-content\/uploads\/2024\/07\/449986898_122117419424341261_4570472731928804763_n.jpg\">ML Sport &amp; Loisir : ASBL de Mme Laura<\/a><br \/><a href=\"http:\/\/ecoles.rixensart.be\/maubroux\/wp-content\/uploads\/2020\/11\/Lets-sing-together-20-21.pdf\">Jeunesses Muiscales<\/a><\/p>\n<p>Liens vers les sites de nos partenaires :<\/p>\n\n\n<div class=\"wp-block-group\"><div class=\"wp-block-group__inner-container is-layout-flow wp-block-group-is-layout-flow\">\n<figure class=\"wp-block-image size-full is-resized\"><a href=\"https:\/\/www.facebook.com\/profile.php?id=61560237843831\"><img loading=\"lazy\" decoding=\"async\" width=\"500\" height=\"500\" src=\"http:\/\/ecoles.rixensart.be\/maubroux\/wp-content\/uploads\/2024\/07\/448355753_122110500788341261_6601779376451665549_n.jpg\" alt=\"\" class=\"wp-image-18234\" style=\"width:138px;height:auto\" srcset=\"http:\/\/ecoles.rixensart.be\/maubroux\/wp-content\/uploads\/2024\/07\/448355753_122110500788341261_6601779376451665549_n.jpg 500w, http:\/\/ecoles.rixensart.be\/maubroux\/wp-content\/uploads\/2024\/07\/448355753_122110500788341261_6601779376451665549_n-300x300.jpg 300w, http:\/\/ecoles.rixensart.be\/maubroux\/wp-content\/uploads\/2024\/07\/448355753_122110500788341261_6601779376451665549_n-150x150.jpg 150w\" sizes=\"(max-width: 500px) 100vw, 500px\" \/><\/a><figcaption class=\"wp-element-caption\"><a href=\"https:\/\/www.facebook.com\/profile.php?id=61560237843831\">https:\/\/www.facebook.com\/profile.php?id=61560237843831<\/a><\/figcaption><\/figure>\n\n\n<div class=\"wp-block-image\">\n<figure class=\"alignleft is-resized\"><a href=\"https:\/\/www.jeunessesmusicales.be\/brabantwallon\/\" target=\"_blank\" rel=\"noopener noreferrer\"><img loading=\"lazy\" decoding=\"async\" width=\"160\" height=\"315\" src=\"http:\/\/ecoles.rixensart.be\/maubroux\/wp-content\/uploads\/2022\/06\/images.png\" alt=\"\" class=\"wp-image-936\" style=\"width:88px;height:172px\" srcset=\"http:\/\/ecoles.rixensart.be\/maubroux\/wp-content\/uploads\/2022\/06\/images.png 160w, http:\/\/ecoles.rixensart.be\/maubroux\/wp-content\/uploads\/2022\/06\/images-152x300.png 152w\" sizes=\"(max-width: 160px) 100vw, 160px\" \/><\/a><figcaption class=\"wp-element-caption\"><a href=\"https:\/\/www.jeunessesmusicales.be\/brabantwallon\/\">https:\/\/www.jeunessesmusicales.be\/brabantwallon\/<\/a><\/figcaption><\/figure><\/div><\/div><\/div>\n\n\n\n<p><br><\/p>\n","protected":false},"excerpt":{"rendered":"<p>Nous sommes associ\u00e9 \u00e0 des ASBLs pour proposer des ateliers extra-scolaires aux enfants autour de deux th\u00e9matiques :&#8211; L&rsquo;anglais au travers de la musique avec Les Jeunesses Musicales du Brabant Wallon.&#8211; Le sport avec ML Sport &amp; Loisir Documents informatifs :ML Sport &amp; Loisir : ASBL de Mme LauraJeunesses Muiscales Liens vers les sites de &hellip; <a href=\"http:\/\/ecoles.rixensart.be\/maubroux\/modalites-pratiques\/\" class=\"more-link\">Continuer la lecture<span class=\"screen-reader-text\"> de <span class=\"screen-reader-text\">Activit\u00e9 extra-scolaire<\/span><\/span>&nbsp;<span class=\"meta-nav\">&rarr;<\/span><\/a><\/p>\n","protected":false},"author":1,"featured_media":0,"parent":0,"menu_order":0,"comment_status":"closed","ping_status":"closed","template":"","meta":{"footnotes":""},"_links":{"self":[{"href":"http:\/\/ecoles.rixensart.be\/maubroux\/wp-json\/wp\/v2\/pages\/334"}],"collection":[{"href":"http:\/\/ecoles.rixensart.be\/maubroux\/wp-json\/wp\/v2\/pages"}],"about":[{"href":"http:\/\/ecoles.rixensart.be\/maubroux\/wp-json\/wp\/v2\/types\/page"}],"author":[{"embeddable":true,"href":"http:\/\/ecoles.rixensart.be\/maubroux\/wp-json\/wp\/v2\/users\/1"}],"replies":[{"embeddable":true,"href":"http:\/\/ecoles.rixensart.be\/maubroux\/wp-json\/wp\/v2\/comments?post=334"}],"version-history":[{"count":39,"href":"http:\/\/ecoles.rixensart.be\/maubroux\/wp-json\/wp\/v2\/pages\/334\/revisions"}],"predecessor-version":[{"id":18244,"href":"http:\/\/ecoles.rixensart.be\/maubroux\/wp-json\/wp\/v2\/pages\/334\/revisions\/18244"}],"wp:attachment":[{"href":"http:\/\/ecoles.rixensart.be\/maubroux\/wp-json\/wp\/v2\/media?parent=334"}],"curies":[{"name":"wp","href":"https:\/\/api.w.org\/{rel}","templated":true}]}}