{"id":38,"date":"2016-03-13T14:30:36","date_gmt":"2016-03-13T13:30:36","guid":{"rendered":"http:\/\/ecoles.rixensart.be\/maubroux\/?page_id=38"},"modified":"2024-05-24T19:27:00","modified_gmt":"2024-05-24T18:27:00","slug":"les-langues","status":"publish","type":"page","link":"http:\/\/ecoles.rixensart.be\/maubroux\/mon-ecole\/les-langues\/","title":{"rendered":"Les langues"},"content":{"rendered":"<p>Depuis septembre 2020, des activit\u00e9s d&rsquo;\u00e9veil aux langues doivent \u00eatre propos\u00e9es aux enfants. Nous avons fait le choix de travailler avec l&rsquo;ASBL Tradanim sous forme de capsules vid\u00e9o qui nous emm\u00e8nent dans les diff\u00e9rents pays du monde pour y d\u00e9couvrir leur langue et leur culture.<\/p>\n<p><a href=\"https:\/\/www.tradanim.com\/fr\/\"><img loading=\"lazy\" decoding=\"async\" class=\"alignnone  wp-image-844\" src=\"http:\/\/ecoles.rixensart.be\/maubroux\/wp-content\/uploads\/2020\/12\/images.png\" alt=\"\" width=\"107\" height=\"106\" srcset=\"http:\/\/ecoles.rixensart.be\/maubroux\/wp-content\/uploads\/2020\/12\/images.png 225w, http:\/\/ecoles.rixensart.be\/maubroux\/wp-content\/uploads\/2020\/12\/images-150x150.png 150w\" sizes=\"(max-width: 107px) 100vw, 107px\" \/><\/a><\/p>\n<p><strong>Diversit\u00e9 \u2013 cultiver les diff\u00e9rences<\/strong><br \/>Au sein de l&rsquo;\u00e9cole, de nombreux enfants proviennent d\u2018horizons culturels divers. Ce brassage multiculturel fait la richesse et la sp\u00e9cificit\u00e9 de notre petite \u00e9cole, fondamentalement orient\u00e9e vers le partage et la rencontre de l\u2019Autre dans ses diff\u00e9rences. <br \/>Cette r\u00e9alit\u00e9 ouvre la voie aux questions de respect et de tol\u00e9rance, valeurs qui nous sont ch\u00e8res.<\/p>\n\n\n<p><\/p>\n","protected":false},"excerpt":{"rendered":"<p>Depuis septembre 2020, des activit\u00e9s d&rsquo;\u00e9veil aux langues doivent \u00eatre propos\u00e9es aux enfants. Nous avons fait le choix de travailler avec l&rsquo;ASBL Tradanim sous forme de capsules vid\u00e9o qui nous emm\u00e8nent dans les diff\u00e9rents pays du monde pour y d\u00e9couvrir leur langue et leur culture. Diversit\u00e9 \u2013 cultiver les diff\u00e9rencesAu sein de l&rsquo;\u00e9cole, de nombreux &hellip; <a href=\"http:\/\/ecoles.rixensart.be\/maubroux\/mon-ecole\/les-langues\/\" class=\"more-link\">Continuer la lecture<span class=\"screen-reader-text\"> de <span class=\"screen-reader-text\">Les langues<\/span><\/span>&nbsp;<span class=\"meta-nav\">&rarr;<\/span><\/a><\/p>\n","protected":false},"author":1,"featured_media":0,"parent":19,"menu_order":4,"comment_status":"closed","ping_status":"closed","template":"","meta":{"footnotes":""},"_links":{"self":[{"href":"http:\/\/ecoles.rixensart.be\/maubroux\/wp-json\/wp\/v2\/pages\/38"}],"collection":[{"href":"http:\/\/ecoles.rixensart.be\/maubroux\/wp-json\/wp\/v2\/pages"}],"about":[{"href":"http:\/\/ecoles.rixensart.be\/maubroux\/wp-json\/wp\/v2\/types\/page"}],"author":[{"embeddable":true,"href":"http:\/\/ecoles.rixensart.be\/maubroux\/wp-json\/wp\/v2\/users\/1"}],"replies":[{"embeddable":true,"href":"http:\/\/ecoles.rixensart.be\/maubroux\/wp-json\/wp\/v2\/comments?post=38"}],"version-history":[{"count":12,"href":"http:\/\/ecoles.rixensart.be\/maubroux\/wp-json\/wp\/v2\/pages\/38\/revisions"}],"predecessor-version":[{"id":18201,"href":"http:\/\/ecoles.rixensart.be\/maubroux\/wp-json\/wp\/v2\/pages\/38\/revisions\/18201"}],"up":[{"embeddable":true,"href":"http:\/\/ecoles.rixensart.be\/maubroux\/wp-json\/wp\/v2\/pages\/19"}],"wp:attachment":[{"href":"http:\/\/ecoles.rixensart.be\/maubroux\/wp-json\/wp\/v2\/media?parent=38"}],"curies":[{"name":"wp","href":"https:\/\/api.w.org\/{rel}","templated":true}]}}