{"id":855,"date":"2020-12-04T14:49:29","date_gmt":"2020-12-04T13:49:29","guid":{"rendered":"http:\/\/ecoles.rixensart.be\/maubroux\/?page_id=855"},"modified":"2023-08-24T10:32:49","modified_gmt":"2023-08-24T09:32:49","slug":"agenda","status":"publish","type":"page","link":"http:\/\/ecoles.rixensart.be\/maubroux\/agenda\/","title":{"rendered":"Agenda"},"content":{"rendered":"\n<p><strong>Fancy Fair <\/strong><br>22 juin 2024<\/p>\n\n\n\n<p><strong>Calendrier scolaire 2023-2024<\/strong><\/p>\n\n\n\n<p><strong>Rentr\u00e9e des classes<\/strong>\u202f2023: le lundi 28 ao\u00fbt 2023&nbsp;<br><\/p>\n\n\n\n<ul><li><strong>Jour f\u00e9ri\u00e9<\/strong> (scolaire): le mercredi 27 septembre 2023 (f\u00eate de la F\u00e9d\u00e9ration Wallonie-Bruxelles)&nbsp;<\/li><li><strong>Vacances de Toussaint<\/strong>\u202f2023: du lundi 23 octobre au dimanche 5 novembre 2023&nbsp;<\/li><li><strong>Vacances de No\u00ebl<\/strong>\u202f2023-2024: du lundi 25 d\u00e9cembre 2023 au dimanche 7 janvier 2024&nbsp;<\/li><li><strong>Mardi gras<\/strong>\u202f: le mardi 13 f\u00e9vrier 2024&nbsp;<\/li><li><strong>Vacances de carnaval<\/strong>\u202f2024: du lundi 26 f\u00e9vrier au dimanche 10 mars 2024&nbsp;<\/li><li><strong>Lundi de P\u00e2ques<\/strong> (jour f\u00e9rie): le lundi 1er avril 2024&nbsp;<\/li><li><strong>Vacances de P\u00e2ques<\/strong>\u202f2024: du lundi 29 avril au dimanche 12 mai 2024&nbsp;<\/li><li><strong>Lundi de Pentec\u00f4te<\/strong> (jour f\u00e9ri\u00e9) 2024: le lundi 20 mai 2024<\/li><li><strong>Dernier jour de l\u2019ann\u00e9e scolaire 2023-2024<\/strong>: le vendredi 5 juillet 2024&nbsp;<\/li><li><strong>Vacances d\u2019\u00e9t\u00e9<\/strong>: \u00e0 partir du lundi 8 juillet 2024 au 25 ao\u00fbt 2024&nbsp;<br><\/li><li><strong>Rentr\u00e9e des classes 2024<\/strong>: le lundi 26 ao\u00fbt 2024&nbsp;<\/li><\/ul>\n\n\n\n<p><\/p>\n\n\n\n<p><\/p>\n","protected":false},"excerpt":{"rendered":"<p>Fancy Fair 22 juin 2024 Calendrier scolaire 2023-2024 Rentr\u00e9e des classes\u202f2023: le lundi 28 ao\u00fbt 2023&nbsp; Jour f\u00e9ri\u00e9 (scolaire): le mercredi 27 septembre 2023 (f\u00eate de la F\u00e9d\u00e9ration Wallonie-Bruxelles)&nbsp; Vacances de Toussaint\u202f2023: du lundi 23 octobre au dimanche 5 novembre 2023&nbsp; Vacances de No\u00ebl\u202f2023-2024: du lundi 25 d\u00e9cembre 2023 au dimanche 7 janvier 2024&nbsp; Mardi &hellip; <a href=\"http:\/\/ecoles.rixensart.be\/maubroux\/agenda\/\" class=\"more-link\">Continuer la lecture<span class=\"screen-reader-text\"> de <span class=\"screen-reader-text\">Agenda<\/span><\/span>&nbsp;<span class=\"meta-nav\">&rarr;<\/span><\/a><\/p>\n","protected":false},"author":1,"featured_media":0,"parent":0,"menu_order":0,"comment_status":"closed","ping_status":"closed","template":"","meta":{"footnotes":""},"_links":{"self":[{"href":"http:\/\/ecoles.rixensart.be\/maubroux\/wp-json\/wp\/v2\/pages\/855"}],"collection":[{"href":"http:\/\/ecoles.rixensart.be\/maubroux\/wp-json\/wp\/v2\/pages"}],"about":[{"href":"http:\/\/ecoles.rixensart.be\/maubroux\/wp-json\/wp\/v2\/types\/page"}],"author":[{"embeddable":true,"href":"http:\/\/ecoles.rixensart.be\/maubroux\/wp-json\/wp\/v2\/users\/1"}],"replies":[{"embeddable":true,"href":"http:\/\/ecoles.rixensart.be\/maubroux\/wp-json\/wp\/v2\/comments?post=855"}],"version-history":[{"count":9,"href":"http:\/\/ecoles.rixensart.be\/maubroux\/wp-json\/wp\/v2\/pages\/855\/revisions"}],"predecessor-version":[{"id":1057,"href":"http:\/\/ecoles.rixensart.be\/maubroux\/wp-json\/wp\/v2\/pages\/855\/revisions\/1057"}],"wp:attachment":[{"href":"http:\/\/ecoles.rixensart.be\/maubroux\/wp-json\/wp\/v2\/media?parent=855"}],"curies":[{"name":"wp","href":"https:\/\/api.w.org\/{rel}","templated":true}]}}