{"id":880,"date":"2021-01-17T18:25:49","date_gmt":"2021-01-17T17:25:49","guid":{"rendered":"http:\/\/ecoles.rixensart.be\/bourgeois\/?page_id=880"},"modified":"2021-01-18T11:12:54","modified_gmt":"2021-01-18T10:12:54","slug":"alimentation-equilibree-collation-saine","status":"publish","type":"page","link":"https:\/\/ecoles.rixensart.be\/bourgeois\/alimentation-equilibree-collation-saine\/","title":{"rendered":"Alimentation \u00e9quilibr\u00e9e : Collation saine!"},"content":{"rendered":"<p>En d\u00e9but d&rsquo;ann\u00e9e scolaire, la section maternelle a particip\u00e9 \u00e0 un appel \u00e0 projets lanc\u00e9 par la F\u00e9d\u00e9ration Wallonie-Bruxelles sur l&rsquo;alimentation \u00e9quilibr\u00e9e dont les objectifs principaux sont d&rsquo;apporter plus de v\u00e9g\u00e9tal au niveau des collations, d&rsquo;amener l&rsquo;aspect saisonnier des fruits et des l\u00e9gumes, de d\u00e9couvrir des l\u00e9gumes anciens et de r\u00e9aliser un retour \u00e0 la terre pour faire d\u00e9couvrir aux enfants d&rsquo;o\u00f9 proviennent les fruits et l\u00e9gumes qu&rsquo;ils retrouvent dans leurs assiettes. <\/p>\n<p>Le projet a \u00e9t\u00e9 retenu et c&rsquo;est l&rsquo;ASBL Ma Terre, mon assiette qui nous accompagne pour le concr\u00e9tiser. <\/p>\n<p>Des animations diverses sont pr\u00e9vues avec les enfants, mais \u00e9galement avec les parents. <\/p>\n<p>En effet, les objectifs fix\u00e9s ne pourront aboutir qu\u2019en \u00e9quipe : enfants, parents et enseignants. <\/p>\n<p>Animations pr\u00e9vues : divers ateliers et journ\u00e9es mara\u00eechage pour chaque classe, conf\u00e9rence pour les parents, petit d\u00e9jeuner \u00e0 l\u2019\u00e9cole, \u2026<\/p>\n<p><a href=\"https:\/\/ecoles.rixensart.be\/bourgeois\/wp-content\/uploads\/2020\/10\/MTMA-ficheparents-1.pdf\" rel=\"noopener noreferrer\" target=\"_blank\"><img loading=\"lazy\" decoding=\"async\" class=\"alignnone size-full wp-image-443\" src=\"https:\/\/ecoles.rixensart.be\/bourgeois\/wp-content\/uploads\/2020\/10\/pdf-icon-150x150-1.png\" alt=\"\" width=\"15\" height=\"15\" \/> T\u00e9l\u00e9charger la fiche pratique des collations saines<\/a><\/p>\n<p><a href=\"https:\/\/ecoles.rixensart.be\/bourgeois\/wp-content\/uploads\/2020\/10\/calendrier-des-saisons-de-Farm.pdf\" rel=\"noopener noreferrer\" target=\"_blank\"><img loading=\"lazy\" decoding=\"async\" class=\"alignnone size-full wp-image-443\" src=\"https:\/\/ecoles.rixensart.be\/bourgeois\/wp-content\/uploads\/2020\/10\/pdf-icon-150x150-1.png\" alt=\"\" width=\"15\" height=\"15\" \/> T\u00e9l\u00e9charger le calendrier des fruits et l\u00e9gumes de saisons de F\u00e4rm<\/a><\/p>\n","protected":false},"excerpt":{"rendered":"<p>En d\u00e9but d&rsquo;ann\u00e9e scolaire, la section maternelle a particip\u00e9 \u00e0 un appel \u00e0 projets lanc\u00e9 par la F\u00e9d\u00e9ration Wallonie-Bruxelles sur l&rsquo;alimentation \u00e9quilibr\u00e9e dont les objectifs principaux sont d&rsquo;apporter plus de v\u00e9g\u00e9tal au niveau des collations, d&rsquo;amener l&rsquo;aspect saisonnier des fruits [&hellip;]<\/p>\n","protected":false},"author":1,"featured_media":879,"parent":0,"menu_order":0,"comment_status":"closed","ping_status":"closed","template":"","meta":{"footnotes":""},"_links":{"self":[{"href":"https:\/\/ecoles.rixensart.be\/bourgeois\/wp-json\/wp\/v2\/pages\/880"}],"collection":[{"href":"https:\/\/ecoles.rixensart.be\/bourgeois\/wp-json\/wp\/v2\/pages"}],"about":[{"href":"https:\/\/ecoles.rixensart.be\/bourgeois\/wp-json\/wp\/v2\/types\/page"}],"author":[{"embeddable":true,"href":"https:\/\/ecoles.rixensart.be\/bourgeois\/wp-json\/wp\/v2\/users\/1"}],"replies":[{"embeddable":true,"href":"https:\/\/ecoles.rixensart.be\/bourgeois\/wp-json\/wp\/v2\/comments?post=880"}],"version-history":[{"count":7,"href":"https:\/\/ecoles.rixensart.be\/bourgeois\/wp-json\/wp\/v2\/pages\/880\/revisions"}],"predecessor-version":[{"id":893,"href":"https:\/\/ecoles.rixensart.be\/bourgeois\/wp-json\/wp\/v2\/pages\/880\/revisions\/893"}],"wp:featuredmedia":[{"embeddable":true,"href":"https:\/\/ecoles.rixensart.be\/bourgeois\/wp-json\/wp\/v2\/media\/879"}],"wp:attachment":[{"href":"https:\/\/ecoles.rixensart.be\/bourgeois\/wp-json\/wp\/v2\/media?parent=880"}],"curies":[{"name":"wp","href":"https:\/\/api.w.org\/{rel}","templated":true}]}}