{"id":189,"date":"2021-01-15T13:52:33","date_gmt":"2021-01-15T12:52:33","guid":{"rendered":"http:\/\/ecoles.rixensart.be\/centre\/?page_id=189"},"modified":"2024-11-16T12:44:15","modified_gmt":"2024-11-16T11:44:15","slug":"cours-philosophiques","status":"publish","type":"page","link":"https:\/\/ecoles.rixensart.be\/centre\/mon-ecole\/cours-philosophiques\/","title":{"rendered":"Cours philosophiques"},"content":{"rendered":"<div id=\"pl-189\"  class=\"panel-layout\" ><div id=\"pg-189-0\"  class=\"panel-grid panel-no-style\" ><div id=\"pgc-189-0-0\"  class=\"panel-grid-cell\" ><div id=\"panel-189-0-0-0\" class=\"so-panel widget widget_sow-editor panel-first-child panel-last-child\" data-index=\"0\" ><div\n\t\t\t\n\t\t\tclass=\"so-widget-sow-editor so-widget-sow-editor-base\"\n\t\t\t\n\t\t>\n<div class=\"siteorigin-widget-tinymce textwidget\">\n\t<p><span class=\"wpcu_block_title\">Cours philosophiques<\/span><\/p>\n<p>Le choix des parents ou de la personne investie de l'autorit\u00e9 parentale entre les diff\u00e9rents cours de religion, de morale non confessionnelle, ou le cours de philosophie et citoyennet\u00e9 en cas de dispense se fait via un formulaire. Celui-ci doit \u00eatre restitu\u00e9, compl\u00e9t\u00e9 et sign\u00e9, au plus tard le 1er juin \u00e0 la direction de l'\u00e9cole, en vue de l'ann\u00e9e scolaire suivante et sans modification ult\u00e9rieure possible.<\/p>\n<table style=\"background:#fff;border:1px solid #d2f7f6\">\n<tr>\n<td>1h philo et citoyennet\u00e9 commune<\/td>\n<td>+<\/td>\n<td>1h philo et citoyennet\u00e9 optionnelle<\/td>\n<td>=<\/td>\n<td>2h philo et citoyennet\u00e9<\/td>\n<\/tr>\n<\/table>\n<p><b>OU<\/b><\/p>\n<table style=\"background:#fff;border:1px solid #d2f7f6\">\n<tr>\n<td>1h philo et citoyennet\u00e9 commune<\/td>\n<td>+<\/td>\n<td>1h religion ou morale<\/td>\n<\/tr>\n<\/table>\n<\/div>\n<\/div><\/div><\/div><\/div><\/div>","protected":false},"excerpt":{"rendered":"<p>Cours philosophiques Le choix des parents ou de la personne investie de l&rsquo;autorit\u00e9 parentale entre les diff\u00e9rents cours de religion, de morale non confessionnelle, ou le cours de philosophie et citoyennet\u00e9 en cas de dispense se fait via un formulaire. Celui-ci doit \u00eatre restitu\u00e9, compl\u00e9t\u00e9 et sign\u00e9, au plus tard<a href=\"https:\/\/ecoles.rixensart.be\/centre\/mon-ecole\/cours-philosophiques\/\" class=\"read-more\">Read More<\/a><\/p>\n","protected":false},"author":1,"featured_media":0,"parent":32,"menu_order":0,"comment_status":"closed","ping_status":"closed","template":"fullwidth.php","meta":{"footnotes":""},"class_list":["post-189","page","type-page","status-publish","hentry"],"_links":{"self":[{"href":"https:\/\/ecoles.rixensart.be\/centre\/wp-json\/wp\/v2\/pages\/189","targetHints":{"allow":["GET"]}}],"collection":[{"href":"https:\/\/ecoles.rixensart.be\/centre\/wp-json\/wp\/v2\/pages"}],"about":[{"href":"https:\/\/ecoles.rixensart.be\/centre\/wp-json\/wp\/v2\/types\/page"}],"author":[{"embeddable":true,"href":"https:\/\/ecoles.rixensart.be\/centre\/wp-json\/wp\/v2\/users\/1"}],"replies":[{"embeddable":true,"href":"https:\/\/ecoles.rixensart.be\/centre\/wp-json\/wp\/v2\/comments?post=189"}],"version-history":[{"count":8,"href":"https:\/\/ecoles.rixensart.be\/centre\/wp-json\/wp\/v2\/pages\/189\/revisions"}],"predecessor-version":[{"id":17599,"href":"https:\/\/ecoles.rixensart.be\/centre\/wp-json\/wp\/v2\/pages\/189\/revisions\/17599"}],"up":[{"embeddable":true,"href":"https:\/\/ecoles.rixensart.be\/centre\/wp-json\/wp\/v2\/pages\/32"}],"wp:attachment":[{"href":"https:\/\/ecoles.rixensart.be\/centre\/wp-json\/wp\/v2\/media?parent=189"}],"curies":[{"name":"wp","href":"https:\/\/api.w.org\/{rel}","templated":true}]}}