{"id":196,"date":"2021-01-15T13:56:41","date_gmt":"2021-01-15T12:56:41","guid":{"rendered":"http:\/\/ecoles.rixensart.be\/centre\/?page_id=196"},"modified":"2024-11-16T12:52:10","modified_gmt":"2024-11-16T11:52:10","slug":"bibliotheque","status":"publish","type":"page","link":"https:\/\/ecoles.rixensart.be\/centre\/mon-ecole\/bibliotheque\/","title":{"rendered":"Biblioth\u00e8que"},"content":{"rendered":"<div id=\"pl-196\"  class=\"panel-layout\" ><div id=\"pg-196-0\"  class=\"panel-grid panel-no-style\" ><div id=\"pgc-196-0-0\"  class=\"panel-grid-cell\" ><div id=\"panel-196-0-0-0\" class=\"so-panel widget widget_sow-editor panel-first-child panel-last-child\" data-index=\"0\" ><div\n\t\t\t\n\t\t\tclass=\"so-widget-sow-editor so-widget-sow-editor-base\"\n\t\t\t\n\t\t>\n<div class=\"siteorigin-widget-tinymce textwidget\">\n\t<p><span class=\"wpcu_block_title\">Biblioth\u00e8que<\/span><\/p>\n<p><img loading=\"lazy\" decoding=\"async\" class=\"alignnone size-full wp-image-323\" src=\"http:\/\/ecoles.rixensart.be\/centre\/wp-content\/uploads\/2021\/02\/image001-1.png\" alt=\"\" width=\"211\" height=\"200\" srcset=\"https:\/\/ecoles.rixensart.be\/centre\/wp-content\/uploads\/2021\/02\/image001-1.png 997w, https:\/\/ecoles.rixensart.be\/centre\/wp-content\/uploads\/2021\/02\/image001-1-300x284.png 300w, https:\/\/ecoles.rixensart.be\/centre\/wp-content\/uploads\/2021\/02\/image001-1-768x726.png 768w\" sizes=\"auto, (max-width: 211px) 100vw, 211px\" \/><\/p>\n<p>Une biblioth\u00e8que tr\u00e8s bien achaland\u00e9e a \u00e9t\u00e9 cr\u00e9\u00e9e dans notre \u00e9cole. Les enfants s\u2019y rendent une fois par semaine avec leur enseignant.<br \/>\nLe pr\u00eat de livres est gratuit.<br \/>\nCette biblioth\u00e8que fonctionne gr\u00e2ce \u00e0 nos b\u00e9n\u00e9voles qui s\u2019occupent de l\u2019encodage des livres et aident les enfants dans le choix de leurs livres.<\/p>\n<p><b>FAIRE DECOUVRIR LE PLAISIR DE LIRE, AVANT D\u2019APPRENDRE A LIRE, C\u2019EST NOTRE OBJECTIF !<\/b><\/p>\n<p>Nos biblioth\u00e9caires b\u00e9n\u00e9voles accueillent les enfants d\u00e8s l\u2019\u00e9cole maternelle (pr\u00eats de livres, livres racont\u00e9s aux plus petits avec support de diapositives, contes, rencontre avec des \u00e9crivains, pr\u00eats de documentations diverses\u2026).<br \/>\nLe pr\u00eat des livres est enti\u00e8rement gratuit. Nous exigeons n\u00e9anmoins le remboursement, au prix co\u00fbtant, des livres \u00e9gar\u00e9s, d\u00e9truits ou ab\u00eem\u00e9s.<br \/>\nChaque ann\u00e9e, l\u2019Association des Parents (Ap\u00e9Rix) investit dans l\u2019achat de nouveaux livres (en fran\u00e7ais et en n\u00e9erlandais) et veille \u00e9galement au remplacement des livres usag\u00e9s.<br \/>\nActuellement, la biblioth\u00e8que poss\u00e8de plus de 10 000 livres et revues diverses ainsi que pr\u00e8s de 200 bo\u00eetes contenant des articles et des illustrations concernant la zoologie, la botanique, la m\u00e9decine, la g\u00e9ographie, l\u2019histoire des pays du monde entier\u2026 et des CD-Rom les compl\u00e9tant.<br \/>\nChaque enseignant et chaque parent d\u2019\u00e9l\u00e8ve qui le souhaite ainsi que tous les enfants de l\u2019\u00e9cole primaire poss\u00e8dent une carte personnelle encod\u00e9e pour l\u2019enregistrement des pr\u00eats et cela depuis 1997.<br \/>\nAidez-nous en lisant \u00e0 vos enfants une petite histoire de temps en temps. C\u2019est une bonne habitude \u00e0 prendre, c\u2019est un moment exceptionnel pour vos enfants et pour vous. De plus, cela ne prendra que peu de votre temps !<\/p>\n<p>Toute aide de votre part \u00e0 la gestion de notre biblioth\u00e8que (m\u00eame une heure par semaine) est la bienvenue !<\/p>\n<\/div>\n<\/div><\/div><\/div><\/div><\/div>","protected":false},"excerpt":{"rendered":"<p>Biblioth\u00e8que Une biblioth\u00e8que tr\u00e8s bien achaland\u00e9e a \u00e9t\u00e9 cr\u00e9\u00e9e dans notre \u00e9cole. Les enfants s\u2019y rendent une fois par semaine avec leur enseignant. Le pr\u00eat de livres est gratuit. Cette biblioth\u00e8que fonctionne gr\u00e2ce \u00e0 nos b\u00e9n\u00e9voles qui s\u2019occupent de l\u2019encodage des livres et aident les enfants dans le choix de<a href=\"https:\/\/ecoles.rixensart.be\/centre\/mon-ecole\/bibliotheque\/\" class=\"read-more\">Read More<\/a><\/p>\n","protected":false},"author":1,"featured_media":0,"parent":32,"menu_order":0,"comment_status":"closed","ping_status":"closed","template":"fullwidth.php","meta":{"footnotes":""},"class_list":["post-196","page","type-page","status-publish","hentry"],"_links":{"self":[{"href":"https:\/\/ecoles.rixensart.be\/centre\/wp-json\/wp\/v2\/pages\/196","targetHints":{"allow":["GET"]}}],"collection":[{"href":"https:\/\/ecoles.rixensart.be\/centre\/wp-json\/wp\/v2\/pages"}],"about":[{"href":"https:\/\/ecoles.rixensart.be\/centre\/wp-json\/wp\/v2\/types\/page"}],"author":[{"embeddable":true,"href":"https:\/\/ecoles.rixensart.be\/centre\/wp-json\/wp\/v2\/users\/1"}],"replies":[{"embeddable":true,"href":"https:\/\/ecoles.rixensart.be\/centre\/wp-json\/wp\/v2\/comments?post=196"}],"version-history":[{"count":7,"href":"https:\/\/ecoles.rixensart.be\/centre\/wp-json\/wp\/v2\/pages\/196\/revisions"}],"predecessor-version":[{"id":17603,"href":"https:\/\/ecoles.rixensart.be\/centre\/wp-json\/wp\/v2\/pages\/196\/revisions\/17603"}],"up":[{"embeddable":true,"href":"https:\/\/ecoles.rixensart.be\/centre\/wp-json\/wp\/v2\/pages\/32"}],"wp:attachment":[{"href":"https:\/\/ecoles.rixensart.be\/centre\/wp-json\/wp\/v2\/media?parent=196"}],"curies":[{"name":"wp","href":"https:\/\/api.w.org\/{rel}","templated":true}]}}