{"id":211,"date":"2017-02-21T15:26:12","date_gmt":"2017-02-21T14:26:12","guid":{"rendered":"http:\/\/ecoles.rixensart.be\/genval\/calendar\/"},"modified":"2019-11-07T10:05:00","modified_gmt":"2019-11-07T09:05:00","slug":"calendar","status":"publish","type":"page","link":"https:\/\/ecoles.rixensart.be\/genval\/calendar\/","title":{"rendered":"Calendar"},"content":{"rendered":"<p><a href=\"https:\/\/ecoles.rixensart.be\/genval\/wp-content\/uploads\/2019\/11\/peda.pdf\">Conf\u00e9rence p\u00e9dagogique du 12 d\u00e9cembre 2019<\/a><\/p>\n","protected":false},"excerpt":{"rendered":"<p>Conf\u00e9rence p\u00e9dagogique du 12 d\u00e9cembre 2019<\/p>\n","protected":false},"author":1,"featured_media":0,"parent":0,"menu_order":0,"comment_status":"closed","ping_status":"closed","template":"","meta":{"footnotes":""},"_links":{"self":[{"href":"https:\/\/ecoles.rixensart.be\/genval\/wp-json\/wp\/v2\/pages\/211"}],"collection":[{"href":"https:\/\/ecoles.rixensart.be\/genval\/wp-json\/wp\/v2\/pages"}],"about":[{"href":"https:\/\/ecoles.rixensart.be\/genval\/wp-json\/wp\/v2\/types\/page"}],"author":[{"embeddable":true,"href":"https:\/\/ecoles.rixensart.be\/genval\/wp-json\/wp\/v2\/users\/1"}],"replies":[{"embeddable":true,"href":"https:\/\/ecoles.rixensart.be\/genval\/wp-json\/wp\/v2\/comments?post=211"}],"version-history":[{"count":1,"href":"https:\/\/ecoles.rixensart.be\/genval\/wp-json\/wp\/v2\/pages\/211\/revisions"}],"predecessor-version":[{"id":3087,"href":"https:\/\/ecoles.rixensart.be\/genval\/wp-json\/wp\/v2\/pages\/211\/revisions\/3087"}],"wp:attachment":[{"href":"https:\/\/ecoles.rixensart.be\/genval\/wp-json\/wp\/v2\/media?parent=211"}],"curies":[{"name":"wp","href":"https:\/\/api.w.org\/{rel}","templated":true}]}}