{"id":31,"date":"2017-02-14T13:17:25","date_gmt":"2017-02-14T12:17:25","guid":{"rendered":"http:\/\/ecoles.rixensart.be\/genval\/?page_id=31"},"modified":"2026-01-22T14:50:19","modified_gmt":"2026-01-22T13:50:19","slug":"documents","status":"publish","type":"page","link":"https:\/\/ecoles.rixensart.be\/genval\/documents\/","title":{"rendered":"Documents &#038; infos \u00e0 t\u00e9l\u00e9charger"},"content":{"rendered":"<div id=\"pl-31\" class=\"panel-layout\">\n<div id=\"pg-31-0\" class=\"panel-grid panel-no-style\">\n<div id=\"pgc-31-0-0\" class=\"panel-grid-cell\" data-weight=\"1\">\n<div id=\"panel-31-0-0-0\" class=\"so-panel widget widget_sow-editor panel-first-child panel-last-child\" data-index=\"0\" data-style=\"{&quot;background_image_attachment&quot;:false,&quot;background_display&quot;:&quot;tile&quot;}\">\n<div class=\"so-widget-sow-editor so-widget-sow-editor-base\">\n<div class=\"siteorigin-widget-tinymce textwidget\">\n<h2 class=\"siteorigin-widget-tinymce textwidget\"><span style=\"color: #33cccc;\">Frais de scolarit\u00e9 :<\/span><\/h2>\n<h6><a href=\"https:\/\/ecoles.rixensart.be\/genval\/wp-content\/uploads\/2026\/01\/Gratuite-maternelles.pdf\">Gratuit\u00e9 maternelles<\/a><\/h6>\n<h6><a href=\"https:\/\/ecoles.rixensart.be\/genval\/wp-content\/uploads\/2026\/01\/Gratuite-P1-a-P3.pdf\">Gratuit\u00e9 P1 \u00e0 P3<\/a><\/h6>\n<h6><a href=\"https:\/\/ecoles.rixensart.be\/genval\/wp-content\/uploads\/2026\/01\/Gratuite-P4-a-P6.pdf\">Gratuit\u00e9 P4 \u00e0 P6<\/a><\/h6>\n<\/div>\n<\/div>\n<\/div>\n<div class=\"siteorigin-widget-tinymce textwidget\">\n<p>&nbsp;<\/p>\n<\/div>\n<div class=\"siteorigin-widget-tinymce textwidget\">\n<h2><span style=\"color: #993366;\">Plateforme ApSchool :<\/span><\/h2>\n<\/div>\n<h6><a href=\"https:\/\/tuto.apkiosk.com\/\" target=\"_blank\" rel=\"noopener\">Tuto Apschool<\/a><\/h6>\n<p>&nbsp;<\/p>\n<h2><span style=\"color: #ff6600;\">Divers :<\/span><\/h2>\n<\/div>\n<h6><a href=\"https:\/\/ecoles.rixensart.be\/genval\/wp-content\/uploads\/2026\/01\/GUIDE-DE-POCHE-25-26-MAT.pdf\">GUIDE DE POCHE 25-26 MAT<\/a><\/h6>\n<h6><a href=\"https:\/\/ecoles.rixensart.be\/genval\/wp-content\/uploads\/2026\/01\/GUIDE-DE-POCHE-25-26-PRIM.pdf\">GUIDE DE POCHE 25-26 PRIM<\/a><\/h6>\n<div id=\"pgc-31-0-0\" class=\"panel-grid-cell\" data-weight=\"1\">\n<h6><a href=\"https:\/\/ecoles.rixensart.be\/genval\/wp-content\/uploads\/2026\/01\/Calendrier-2025-2026-CFWB.pdf\">Calendrier-2025-2026 CFWB<\/a><\/h6>\n<h6><a href=\"https:\/\/ecoles.rixensart.be\/genval\/wp-content\/uploads\/2026\/01\/ROI-des-ecoles-communales-de-Rixensart-2025.pdf\">ROI des \u00e9coles communales de Rixensart -2025<\/a><\/h6>\n<h6><a href=\"https:\/\/ecoles.rixensart.be\/genval\/wp-content\/uploads\/2026\/01\/Reglement-redevance-fixant-le-tarif-des-repas-2025-26.pdf\">Reglement redevance fixant le tarif des repas 2025-26<\/a><\/h6>\n<h6><a href=\"https:\/\/ecoles.rixensart.be\/genval\/wp-content\/uploads\/2026\/01\/Reglement-redevance-garderie-2025-26.pdf\">R\u00e8glement redevance garderie 2025-26<\/a><\/h6>\n<h6><a href=\"https:\/\/ecoles.rixensart.be\/genval\/wp-content\/uploads\/2017\/02\/Justificatif-dabsence.pdf\">Justificatif d&#8217;absence<\/a><\/h6>\n<h6><a href=\"https:\/\/ecoles.rixensart.be\/genval\/wp-content\/uploads\/2022\/06\/Charte-de-lecole.pdf\">Charte de l&#8217;\u00e9cole<\/a><\/h6>\n<h6><a href=\"https:\/\/ecoles.rixensart.be\/genval\/wp-content\/uploads\/2024\/01\/Projet-decole-2024-Genval.pdf\">Projet d&#8217;\u00e9cole 2024 &#8211; Genval<\/a><\/h6>\n<div id=\"panel-31-0-0-0\" class=\"so-panel widget widget_sow-editor panel-first-child panel-last-child\" data-index=\"0\" data-style=\"{&quot;background_image_attachment&quot;:false,&quot;background_display&quot;:&quot;tile&quot;}\">\n<div class=\"so-widget-sow-editor so-widget-sow-editor-base\">\n<div class=\"siteorigin-widget-tinymce textwidget\">\n<h6><a href=\"https:\/\/ecoles.rixensart.be\/genval\/wp-content\/uploads\/2024\/08\/Fiche-de-renseignements-medicales.pdf\">Fiche de renseignements m\u00e9dicales<\/a><\/h6>\n<p>&nbsp;<\/p>\n<div class=\"siteorigin-widget-tinymce textwidget\">\n<div class=\"siteorigin-widget-tinymce textwidget\">\n<h3 style=\"text-align: left;\"><span style=\"color: #008080;\">Listes du mat\u00e9riel\u00a0 pour la rentr\u00e9e 2025-2026<\/span><\/h3>\n<p>Rentr\u00e9e des classes le lundi 25 ao\u00fbt 2025<\/p>\n<h3 style=\"text-align: left;\"><span style=\"color: #3366ff;\">Section primaire :<\/span><\/h3>\n<h6><a href=\"https:\/\/ecoles.rixensart.be\/genval\/wp-content\/uploads\/2026\/01\/P1-P2-P3-gratuite-2025-26.pdf\">P1-P2 &#8211; P3 gratuit\u00e9 2025-26<\/a><\/h6>\n<h6><a href=\"https:\/\/ecoles.rixensart.be\/genval\/wp-content\/uploads\/2026\/01\/P1.pdf\">P1<\/a><\/h6>\n<\/div>\n<h6 class=\"siteorigin-widget-tinymce textwidget\"><a href=\"https:\/\/ecoles.rixensart.be\/genval\/wp-content\/uploads\/2026\/01\/P2.pdf\">P2<\/a><\/h6>\n<h6><a href=\"https:\/\/ecoles.rixensart.be\/genval\/wp-content\/uploads\/2026\/01\/P3.pdf\">P3<\/a><\/h6>\n<h6 class=\"siteorigin-widget-tinymce textwidget\"><a href=\"https:\/\/ecoles.rixensart.be\/genval\/wp-content\/uploads\/2026\/01\/P4.pdf\">P4<\/a><\/h6>\n<h6 class=\"siteorigin-widget-tinymce textwidget\"><a href=\"https:\/\/ecoles.rixensart.be\/genval\/wp-content\/uploads\/2026\/01\/P5.pdf\">P5<\/a><\/h6>\n<h6 class=\"siteorigin-widget-tinymce textwidget\"><a href=\"https:\/\/ecoles.rixensart.be\/genval\/wp-content\/uploads\/2026\/01\/P6.pdf\">P6<\/a><\/h6>\n<div class=\"siteorigin-widget-tinymce textwidget\">\n<h3><span style=\"color: #ff00ff;\">Section maternelle :<\/span><\/h3>\n<\/div>\n<h6><a href=\"https:\/\/ecoles.rixensart.be\/genval\/wp-content\/uploads\/2026\/01\/ACC-M1.pdf\">ACC-M1<\/a><\/h6>\n<\/div>\n<h6 class=\"siteorigin-widget-tinymce textwidget\"><a href=\"https:\/\/ecoles.rixensart.be\/genval\/wp-content\/uploads\/2026\/01\/M2.pdf\">M2<\/a><\/h6>\n<div class=\"siteorigin-widget-tinymce textwidget\">\n<h6><a href=\"https:\/\/ecoles.rixensart.be\/genval\/wp-content\/uploads\/2026\/01\/M3.pdf\">M3<\/a><\/h6>\n<\/div>\n<p>&nbsp;<\/p>\n<\/div>\n<p>&nbsp;<\/p>\n<p>&nbsp;<\/p>\n<div class=\"siteorigin-widget-tinymce textwidget\"><\/div>\n<div class=\"siteorigin-widget-tinymce textwidget\">\n<p>&nbsp;<\/p>\n<p>&nbsp;<\/p>\n<p>&nbsp;<\/p>\n<\/div>\n<p>&nbsp;<\/p>\n<\/div>\n<\/div>\n<\/div>\n<\/div>\n<\/div>\n","protected":false},"excerpt":{"rendered":"<p>Frais de scolarit\u00e9 : Gratuit\u00e9 maternelles Gratuit\u00e9 P1 \u00e0 P3 Gratuit\u00e9 P4 \u00e0 P6 &nbsp; Plateforme ApSchool : Tuto Apschool &nbsp; Divers : GUIDE DE POCHE 25-26 MAT GUIDE DE POCHE 25-26 PRIM Calendrier-2025-2026 CFWB ROI des \u00e9coles communales de Rixensart -2025 Reglement redevance fixant le tarif des repas 2025-26<a href=\"https:\/\/ecoles.rixensart.be\/genval\/documents\/\" class=\"read-more\">Read More<\/a><\/p>\n","protected":false},"author":1,"featured_media":0,"parent":0,"menu_order":0,"comment_status":"closed","ping_status":"closed","template":"fullwidth.php","meta":{"footnotes":""},"_links":{"self":[{"href":"https:\/\/ecoles.rixensart.be\/genval\/wp-json\/wp\/v2\/pages\/31"}],"collection":[{"href":"https:\/\/ecoles.rixensart.be\/genval\/wp-json\/wp\/v2\/pages"}],"about":[{"href":"https:\/\/ecoles.rixensart.be\/genval\/wp-json\/wp\/v2\/types\/page"}],"author":[{"embeddable":true,"href":"https:\/\/ecoles.rixensart.be\/genval\/wp-json\/wp\/v2\/users\/1"}],"replies":[{"embeddable":true,"href":"https:\/\/ecoles.rixensart.be\/genval\/wp-json\/wp\/v2\/comments?post=31"}],"version-history":[{"count":168,"href":"https:\/\/ecoles.rixensart.be\/genval\/wp-json\/wp\/v2\/pages\/31\/revisions"}],"predecessor-version":[{"id":8164,"href":"https:\/\/ecoles.rixensart.be\/genval\/wp-json\/wp\/v2\/pages\/31\/revisions\/8164"}],"wp:attachment":[{"href":"https:\/\/ecoles.rixensart.be\/genval\/wp-json\/wp\/v2\/media?parent=31"}],"curies":[{"name":"wp","href":"https:\/\/api.w.org\/{rel}","templated":true}]}}